ive f(-5).
33
Let h(r) = -49*r**2 - r. Give h(-1).
-48
Let d(f) = -f**2 + 9*f - 12. Determine d(7).
2
Let p(s) = 62*s - 317. Determine p(5).
-7
Let o(c) = c**2 - c + 5. What is o(3)?
11
Let i(d) = d**3 + 4*d**2 - 5*d + 7. Give i(-5).
7
Let p(i) = -i**3 + i + 33. Give p(0).
33
Let g(w) = -w**2 + 9*w - 12. Give g(9).
-12
Let k(f) = 150*f + 604. Calculate k(-4).
4
Let f(y) = 4*y**2 - 2*y - 2. What is f(-1)?
4
Let k(l) = -l**3 + 39*l**2 - 2*l + 84. Determine k(39).
6
Let s(a) = 10*a + 124. Determine s(-13).
-6
Let i(a) = 8*a**3 - 3*a**2 + 5*a + 7. Determine i(-1).
-9
Let o(s) = -s**3 + 10*s**2 + 3*s - 20. What is o(10)?
10
Let o(v) = v**3 + 3*v - 11. Give o(2).
3
Let a(l) = l**3 - 8*l**2 + 5*l - 12. Determine a(7).
-26
Let g(n) = -n**3 - 8*n**2 + 11*n + 22. Calculate g(-9).
4
Let y(q) = -10*q**2 - q + 4. Give y(2).
-38
Let c(n) = n**3 + 33*n**2 - 77*n - 237. Give c(-35).
8
Let l(b) = -b**2 + 17*b + 7. Calculate l(17).
7
Let q(b) = -57*b - 462. Give q(-8).
-6
Let s(g) = -58*g - 2. Calculate s(-1).
56
Let v(w) = -w**3 - 2*w**2 - 28*w - 27. Give v(-1).
0
Let b(j) = -5*j - 7. Determine b(-8).
33
Let u(m) = -2*m**2 + 10*m + 11. Calculate u(-1).
-1
Let r(w) = 21*w**3. Give r(1).
21
Let y(n) = -4*n**3 + 3*n**2 + 2*n + 2. Determine y(3).
-73
Let q(z) = z**3 - 3*z**2 - 3*z - 3. Give q(5).
32
Let w(l) = 6*l**2 - 2. What is w(2)?
22
Let u(f) = f - 1. Determine u(-7).
-8
Let t(s) = s**3 - 22*s**2 + 24*s - 29. Calculate t(21).
34
Let d(j) = j**2 + 3*j - 26. What is d(-7)?
2
Let h(y) = 14*y - 199. Determine h(15).
11
Let h(o) = o + 5. Calculate h(-4).
1
Let z(a) = a**3 + 7*a**2 + 4*a + 5. Calculate z(-7).
-23
Let s(d) = d - 16. Give s(9).
-7
Let b(x) = x**2 - 8*x + 8. Calculate b(4).
-8
Let j(x) = -x**3 + 9*x**2 - 8*x - 7. What is j(8)?
-7
Let p(a) = -a**2 + a + 69. Give p(0).
69
Let f(c) = c**2 - 4*c + 2. Determine f(8).
34
Let t(x) = x**3 + 17*x**2 - 12*x + 106. Determine t(-18).
-2
Let a(r) = -r**2 - 4*r + 5. What is a(-5)?
0
Let b(z) = -7*z**2 - 49*z - 6. Calculate b(-7).
-6
Let j(v) = v**3 + 7*v**2 + 11*v + 6. Calculate j(-5).
1
Let j(u) = 3*u**2 + 103*u + 41. Give j(-34).
7
Let t(q) = -q**2 - 4*q + 3. Give t(-6).
-9
Let n(w) = w**3 + 8*w**2 + 17*w + 10. Calculate n(-8).
-126
Let v(r) = -15*r**2 + 47*r + 1. What is v(3)?
7
Let l(w) = w**2 + 11*w - 36. What is l(-18)?
90
Let f(r) = 2*r**2 + 9*r + 17. Determine f(-5).
22
Let h(d) = -2*d**2 + 10*d - 3. Give h(5).
-3
Let h(r) = -r - 13. Determine h(-28).
15
Let b(t) = -t**3 - 13*t**2 + 30*t - 7. Determine b(-15).
-7
Let a(m) = 6*m + 28. What is a(-6)?
-8
Let o(i) = 11*i - 73. Give o(16).
103
Let t(f) = -7*f**2 - 6*f + 10. Determine t(-4).
-78
Let n(t) = 3*t**3 + 2*t**2 + 7*t - 9. Give n(0).
-9
Let m(l) = -l**3 - 14*l**2 + l + 4. Calculate m(-14).
-10
Let c(g) = -7*g**3. What is c(-1)?
7
Let t(h) = -15*h + 150. Calculate t(9).
15
Let x(i) = i**2 + 4*i + 5. Calculate x(0).
5
Let f(z) = z**2 + 4*z + 14. What is f(-5)?
19
Let r(i) = -i**2 - i + 3. What is r(-5)?
-17
Let v(x) = -12*x**3 - 5*x**2 + 3*x + 3. Calculate v(1).
-11
Let i(a) = a**3 + 5*a**2 - 15*a - 60. What is i(-6)?
-6
Let o(l) = -l**3 + 7*l**2 + 31*l - 5. Calculate o(10).
5
Let c(y) = -3*y**2 + 6*y - 6. What is c(3)?
-15
Let b(x) = x**2 + 10*x + 17. Calculate b(-7).
-4
Let g(w) = 3*w**2 + 20*w + 30. Give g(-2).
2
Let r(y) = y**2 - 9*y - 186. Calculate r(19).
4
Let r(g) = -g**3 - 19*g**2 + 20*g + 9. What is r(-20)?
9
Let j(f) = -f**3 - 6*f**2 + 5*f - 12. Calculate j(-7).
2
Let t(r) = 2*r**3 - 6*r**2 + r + 4. Calculate t(4).
40
Let k(w) = -w**3 + 11*w**2 + 10*w + 4. Calculate k(12).
-20
Let z(x) = x**3 - 24*x**2 - 25*x + 11. Give z(25).
11
Let s(w) = 21*w + 27. Determine s(-1).
6
Let l(u) = -u**3 + 13*u**2 - 12*u + 7. What is l(12)?
7
Let o(l) = -l**3 + 6*l**2 - 6*l - 10. Give o(5).
-15
Let o(l) = l**2 + 2*l - 4. What is o(-6)?
20
Let r(f) = 3*f - 14. Calculate r(7).
7
Let q(i) = -i**2 - 13*i - 16. Give q(-8).
24
Let o(s) = 31*s + 157. Give o(-5).
2
Let k(w) = w**2 - 4*w - 59. Give k(10).
1
Let y(m) = m**3 + 25*m**2 + 23*m - 56. Determine y(-24).
-32
Let z(d) = 19*d - 94. Determine z(4).
-18
Let l(a) = -13*a - 1. Determine l(1).
-14
Let o(y) = -y**2 + 11*y - 11. Give o(9).
7
Let b(t) = -t**2 + 11*t - 6. What is b(5)?
24
Let s(c) = -c**2 - 10*c. Calculate s(-7).
21
Let h(v) = 2*v**2 - 48*v + 91. What is h(22)?
3
Let p(h) = 96*h - 11. What is p(2)?
181
Let q(d) = -4*d**2 - 34. Determine q(5).
-134
Let v(m) = -m**3 + 19*m**2 + 21*m - 20. Calculate v(20).
0
Let m(b) = 10*b + 287. Give m(-28).
7
Let a(p) = 18*p - 103. Determine a(6).
5
Let k(w) = -52*w - 2. Determine k(-1).
50
Let n(f) = -f**3 - 10*f**2 - 6*f + 19. Determine n(-9).
-8
Let p(r) = r**2 - 3*r - 4. Calculate p(-3).
14
Let w(o) = -o**2 - 11*o + 12. Calculate w(-11).
12
Let b(s) = s**3 - 7*s**2 + 4*s - 1. Calculate b(4).
-33
Let w(x) = -5*x - 10. Give w(-6).
20
Let x(a) = 4*a**2 + 37*a + 8. What is x(-9)?
-1
Let j(r) = -r**3 + 7*r**2 - 3*r - 10. Give j(5).
25
Let r(x) = -x**2 - 14*x + 12. Determine r(-12).
36
Let y(w) = -3*w + 56. Calculate y(19).
-1
Let k(n) = -n**2 - 4*n - 24. What is k(-6)?
-36
Let a(j) = j**2 - 4*j + 4. Calculate a(2).
0
Let g(l) = 3*l + 15. Give g(-12).
-21
Let b(v) = 4*v - 8. Give b(4).
8
Let a(u) = -u**3 - 4*u**2 + u + 18. Calculate a(0).
18
Let o(n) = n**2 + 6*n - 3. Calculate o(4).
37
Let y(d) = 10*d - 156. Determine y(15).
-6
Let m(v) = 49*v + 97. Give m(-2).
-1
Let d(y) = y**2 - 18*y + 46. What is d(13)?
-19
Let k(y) = -y**3 + 14*y**2 - 9*y - 65. Calculate k(13).
-13
Let x(c) = -c**3 + 18*c**2 + 18*c + 21. Determine x(19).
2
Let m(j) = 2*j - 7. Give m(17).
27
Let p(l) = -8*l**2 - l. Calculate p(2).
-34
Let t(i) = -i**2 + 7*i + 7. Determine t(7).
7
Let a(z) = -8*z. Determine a(-1).
8
Let f(c) = 2*c**2 - c - 39. What is f(5)?
6
Let t(x) = -x**2 - 4*x + 7. Give t(-3).
10
Let n(u) = u**2 + 2*u - 4. What is n(4)?
20
Let r(h) = h**2 - 17*h - 2. Determine r(15).
-32
Let y(p) = -p**2 - 6*p + 16. Calculate y(3).
-11
Let t(f) = -3*f - 3. What is t(-12)?
33
Let u(d) = -d**2 + 27*d + 27. Determine u(28).
-1
Let r(g) = -6*g**2 + 2*g - 4. What is r(1)?
-8
Let p(w) = w**3 + 7*w**2 + 6. Calculate p(-7).
6
Let j(x) = -5*x**2 + 17*x + 7. What is j(3)?
13
Let m(p) = -32*p - 1. What is m(0)?
-1
Let f(g) = -12*g**2 - 2*g + 3. Determine f(2).
-49
Let b(k) = -k**3 + 8*k**2 + 10*k - 12. Determine b(9).
-3
Let x(k) = 2*k**2 - 21*k - 332. What is x(19)?
-9
Let t(n) = n**2 - 3*n - 44. Give t(8).
-4
Let z(s) = -s**2 - 28*s - 50. Determine z(-29).
-79
Let t(c) = -7*c**2 - 20*c - 57. Determine t(-4).
-89
Let k(h) = -8*h - 145. What is k(-23)?
39
Let k(r) = -2*r**2 - 4*r - 5. What is k(-4)?
-21
Let t(w) = 37*w**3 + 2*w**2 + 6*w + 5. What is t(-1)?
-36
Let h(x) = x**3 - 10*x**2 + 4*x + 3. What is h(10)?
43
Let n(v) = v**2 + 16*v + 21. Give n(-7).
-42
Let t(i) = -i**3 + 12*i**2 + 5*i + 96. Calculate t(13).
-8
Let h(u) = 3*u**2 - 20*u + 8. Give h(6).
-4
Let w(b) = 28*b - 3. Determine w(-1).
-31
Let o(f) = f**3 + 5*f**2 + 4*f + 2. Calculate o(-4).
2
Let c(n) = n**3 + 15*n**2 + 28*n + 16. Give c(-13).
-10
Let r(a) = a - 15. Determine r(11).
-4
Let m(a) = 3*a**2 - 88*a + 24. Give m(29).
-5
Let s(c) = -2*c + 2. Give s(4).
-6
Let y(m) = -m**3 + 9*m**2 + m + 11. Determine y(9).
20
Let b(k) = k**2 - 4*k - 10. Give b(6).
2
Let u(f) = -f**2 + 9. Determine u(0).
9
Let l(i) = i**2 + 16*i - 20. Calculate l(-16).
-20
Let p(v) = -v**2 + 8*v - 3. What is p(7)?
4
Let q(w) = w**2 + 26*w + 6. Give q(-25).
-19
Let d(t) = -t**3 + 31*t**2 + 63*t + 128. Calculate d(33).
29
Let j(h) = h**2 - 10*h + 14. Determine j(6).
-10
Let h(j) = 2*j - 8. Determine h(-7).
-22
Let h(q) = 2*q**2 + 13*q + 16. Give h(-4).
-4
Let u(m) = m**2 - 8*m + 8. Calculate u(7).
1
Let h(z) = -z**3 + 5*z**2 + 6*z. Determine h(5).
30
Let r(t) = -3*t - 16. Give r(-5).
-1
Let n(c) = -47*c + 242. Give n(5).
7
Let m(j) = -j**3 - 13*j**2 + 16*j + 6. Calculate m(-14).
-22
Let x(d) = -d**3 - 20*d**2 - 19*d + 5. Calculate x(-19).
5
Let v(y) = -y**3 + 3*y**2 + 5*y + 3. Calculate v(4).
7
Let o(t) = -t**2 + 20*t - 39. What is o(3)?
12
Let z(i) = i**2 - 24*i + 41. Give z(19).
-54
Let n(z) = -z**2 + 2*z - 3. Determine n(2).
-3
Let m(k) = -k**3 + 12*k**2 - 7*k + 51. What is m(12)?
-33
Let h(a) = a + 41. Give h(-14).
27
Let r(q) = q**3 - 6*q**2 + 5*q - 3. Determine r(